8*r - 76*r + 25*r. What is the highest common divisor of r and 11902?
22
Suppose 9618 + 4062 = 171*b. Suppose -3*o + 3*w - 4*w + 29 = 0, 13 = o + w. Suppose -3*s + o*s - 160 = 0. What is the highest common factor of s and b?
16
Let d = 69 - 64. Suppose d*l + 0 - 106 = -2*y, y = 2*l - 37. Suppose -5*m + 132 = 4*q, -q + 2*m + 0*m = -l. What is the highest common divisor of 8 and q?
4
Let d = -300 - -364. Suppose 0 = 7*b - 23*b + d. Calculate the greatest common factor of b and 68.
4
Let b = -25 + 21. Let s be (b/(-8))/(2/4). Let v(p) = -p**3 + 17*p**2 - 18*p + 35. Let i be v(16). Calculate the highest common factor of i and s.
1
Let k(n) = -n**3 - 21*n**2 - 16*n + 93. Suppose 11*b - 3*l - 43 = 13*b, 0 = b - 2*l + 18. Let j be k(b). What is the highest common divisor of j and 5?
1
Let a = -13 + 31. Suppose 2392 = a*n - 10*n. What is the highest common factor of n and 39?
13
Suppose -180 = -12*o + 2*o. Let g = o + 67. What is the greatest common divisor of g and 68?
17
Suppose 0 = 149*f - 9707 - 16368. What is the greatest common divisor of 112 and f?
7
Let r be ((-2480)/(-88)*11)/2. Calculate the highest common divisor of r and 245.
5
Let u(c) be the second derivative of c**4 + 31*c**3/6 + 7*c**2/2 - 11*c - 1. Let i be u(-3). What is the greatest common divisor of 374 and i?
22
Let k(a) = 3 + 2 + 5 + 6 + 6*a**2 - 6 - 66*a. Let v be k(11). Calculate the highest common divisor of 170 and v.
10
Suppose 20*f + 2 - 62 = 0. Let p be (180/(-80))/(0 + f/(-1584)). Calculate the highest common divisor of 108 and p.
108
Suppose -3589 = -188*o + 1956 + 2727. Calculate the highest common factor of o and 8734.
22
Suppose 7*o + 38 = 59. Suppose 3*t = -4*y + 792, -7 = -t - o. What is the highest common divisor of y and 13?
13
Suppose 0 = 243*t - 248*t + 40. Calculate the highest common divisor of 428 and t.
4
Suppose 252*x = -101*x - 98*x + 13079. Calculate the greatest common divisor of x and 25027.
29
Suppose 1598 = 3*b - 169. Let c = -504 + b. What is the highest common divisor of 25 and c?
5
Let h(y) = -62*y + 100*y - 72*y. Let t be h(-2). Suppose 7*d - 184 - t = 0. What is the highest common factor of d and 9?
9
Let w be (-9)/15 + (88/5 - 3). Suppose -2*o = -3*o + 4. Suppose 0 = 5*j - 2*r - 132, 2*j = 3*j + o*r - 44. Calculate the greatest common factor of j and w.
14
Suppose -4*b + u = -399, 0 = -3*b - 9*u + 8*u + 315. Calculate the highest common divisor of b and 564.
6
Let z be (-143)/(-22)*(-5 - -69). What is the greatest common factor of z and 104?
104
Suppose -6*d - 15 = -9*d. Let b be d/(-3 + 3 - 1/4). Let a be 2 + ((-3)/(-15) - 1216/b). Calculate the greatest common divisor of a and 21.
21
Let s = -5 + 8. Suppose 25 = s*f + 10. Suppose -3*b - f*r + 53 = 0, -4*b - 1 = -5*r - 25. What is the greatest common divisor of 77 and b?
11
Let c = 158 + -33. Let k = -569 + c. Let p be 2/(-11) + k/(-22). What is the highest common divisor of 20 and p?
20
Suppose -22*j - 9 = -19*j, 2*k - 29 = -j. Let w be k*(2 + (-15)/10). Calculate the greatest common divisor of 14 and w.
2
Let h be (590 + 2)*30/25*(-35)/(-56). Calculate the highest common factor of 204 and h.
12
Suppose 100*h - 14342 = -h. Calculate the highest common factor of 61486 and h.
142
Suppose -3*b = -383 + 335. Calculate the highest common divisor of 232 and b.
8
Suppose 6*c - 137 = -125. Suppose 3*p - c*p = 13. Calculate the highest common factor of 2 and p.
1
Let o be (4 - 27)/((-2)/286). Suppose 12*j + 841 = o. Calculate the highest common divisor of j and 12.
12
Suppose 88*i + 1210 = w + 93*i, 3*w - 3690 = 5*i. Calculate the highest common divisor of 70 and w.
35
Let z = 11 - 3. Let n(q) = -107*q**2 - 229*q - 6. Let c be n(-2). What is the highest common divisor of c and z?
8
Let a = -444 - -423. Let d = 140 - a. Calculate the highest common divisor of 46 and d.
23
Let s be (1/2)/(10/(-120)). Let w be 8/16 + s/(-4). Suppose 5*m + 0 = u + 37, 22 = w*m + 2*u. What is the highest common divisor of m and 88?
8
Suppose 5*o = -4*o. Suppose -3*b - 2*d + 6 = -o*d, -4*d = -5*b + 10. What is the highest common divisor of 10 and b?
2
Let n = -18396 - -18720. What is the highest common divisor of n and 156?
12
Suppose 37*z - 1961 + 111 = 0. Calculate the highest common divisor of 610 and z.
10
Let j = 800 - -327. What is the highest common divisor of j and 46?
23
Let u(x) = 25*x**2 - x + 2. Let w be u(2). Suppose -322*c - 42*c + 14075 = 199*c. What is the highest common divisor of c and w?
25
Suppose -16*u + 18 + 14 = 0. Suppose -u*q - 140 = -9*q. What is the highest common divisor of 40 and q?
20
Suppose 0 = 5*i - 2009 - 371. Suppose -4*u = -4*h - 8*u + 120, -h + 5*u + 54 = 0. Calculate the highest common divisor of h and i.
34
Suppose -12*v + 0*v = h - 12, -4*h + 48 = -4*v. Calculate the greatest common factor of 717 and h.
3
Let u be (-2)/12 - 818/(-12). Let j be u/6*(-9)/(-6). Suppose -25*h + 27*h + m = 106, 141 = 3*h - 3*m. Calculate the greatest common factor of j and h.
17
Let m(a) = -1187*a**3 + 1. Let t be m(-1). What is the greatest common divisor of 5742 and t?
198
Suppose 1102*z + 32370 = 1132*z. Calculate the greatest common divisor of 498 and z.
83
Let v = -130 + 242. Let m(u) = 86*u**2 + 232*u + 230. Let a be m(-1). What is the highest common factor of a and v?
28
Suppose -3*w = -l - 159 + 451, 0 = 2*w - 8. Let i = l + -97. Calculate the highest common factor of i and 46.
23
Let m(s) = 317*s**2 - 15*s + 41. Let w be m(3). What is the greatest common divisor of 77 and w?
77
Let q be ((-72)/(-6))/((330/(-1640))/(-11)). Calculate the greatest common divisor of q and 1271.
41
Let f(j) = -j + 8. Suppose 0 = -4*l - 5*s - 80, 100 = -6*l + l - 5*s. Let n be f(l). Calculate the greatest common divisor of n and 14.
14
Let t(v) = v**2 - 4*v - 9. Let l be t(-2). Suppose -l*c - 50 = -5*a + 82, -4*a + 2*c = -106. What is the highest common divisor of a and 351?
27
Let a(p) = 3*p**2 - 29*p + 43. Let h be a(15). Let g = -223 + h. What is the greatest common divisor of g and 4?
4
Suppose q + 70 = 5*x, -5*q + q - 25 = -3*x. Suppose -i - 2*i + z - 3 = 0, 4*i = 3*z + 1. Let k = 8 + i. What is the highest common factor of k and x?
3
Suppose -21*c + 19*c = -3*z + 3001, -4*c = -2*z + 1990. What is the greatest common divisor of 649 and z?
59
Let b(h) = 116*h**3 + 27*h**2 - 84*h + 5. Let r be b(3). Calculate the highest common factor of 680 and r.
136
Let v be 49/28*-6*16/(-6). Suppose 0 = -5*y + 4*k - 7*k + 172, -k = -y + v. What is the highest common factor of 2 and y?
2
Let z = 19 + -20. Let t(b) = 6 + 16*b**2 + 11*b**2 - 3 + 3*b + 9*b**2. Let q be t(z). Calculate the greatest common divisor of q and 4.
4
Let g = -70 - -144. Suppose -g - 6 = -8*s. Suppose -6*u = -11*u + 200. What is the greatest common factor of s and u?
10
Let w(f) = -7*f + 14. Let a be w(0). Suppose -a + 34 = r. What is the greatest common factor of 80 and r?
20
Suppose 3*w = 126*d - 124*d - 425, -5*d - 4*w = -982. What is the greatest common divisor of d and 5353?
101
Let h(y) = 8*y**2 - 31*y + 173. Let o be (-22)/(-11) - (-7 - -3). Let z be h(o). What is the highest common divisor of 11 and z?
11
Suppose -3*u + 2*o - 177 = 0, 0*u + 3*o + 219 = -4*u. Let p = 115 + u. Calculate the greatest common factor of 87 and p.
29
Let v = -30 + 42. Let u be (-4)/(-6)*v/2. Let l = -78 + 84. Calculate the highest common factor of u and l.
2
Let s(l) = -l**3 + 13*l**2 + 16*l - 13. Suppose 0 = 2*m - 2*k - 26, -k = -0*k - 1. Let h be s(m). What is the highest common divisor of 15 and h?
15
Suppose 0 = -2*g + 135 - 83. Calculate the highest common divisor of 1079 and g.
13
Suppose t - y - 347 = 0, 8*y - 10*y + 1742 = 5*t. Calculate the greatest common divisor of t and 580.
116
Let u be (-25*171/(-180))/((-3)/(-60)). Calculate the highest common divisor of u and 125.
25
Let u = 26 + -23. Suppose -r - 4 = u*f, 4*f - 5 = 7. Let s = 16 + r. Calculate the highest common divisor of s and 2.
1
Let c = 5678 + -4427. Calculate the highest common divisor of 72 and c.
9
Suppose 7 + 149 = -4*u. Let m be (u/6 + 4)*4/5. Let o be 2/(-7) + m + (-716)/(-7). Calculate the highest common factor of 60 and o.
20
Suppose 12 = 2*o - 4*a, 50*o - 37 = 45*o + 3*a. Let v be 56/6*(4/(-2) + o). What is the highest common factor of v and 448?
56
Suppose 0 = 2*o + 6*q - 7*q - 204, 0 = -o